{"id":1843,"date":"2021-10-15T10:21:59","date_gmt":"2021-10-15T14:21:59","guid":{"rendered":"https:\/\/www.infotetquebec.com\/?post_type=tribe_events&#038;eventDate=2021-11-11#038;p=1841"},"modified":"2021-10-15T10:41:35","modified_gmt":"2021-10-15T14:41:35","slug":"trabajadores-extranjeros-temporales-los-impactos-del-covid-19-en-su-situacion-2021-11-11","status":"publish","type":"tribe_events","link":"https:\/\/www.infotetquebec.com\/es\/event\/trabajadores-extranjeros-temporales-los-impactos-del-covid-19-en-su-situacion-2021-11-11\/","title":{"rendered":"Trabajadores extranjeros temporales: los impactos del COVID-19 en su situaci\u00f3n"},"content":{"rendered":"<p>Usted es un trabajador internacional: tanto si est\u00e1 a punto de llegar al territorio como si ya est\u00e1 asentado en la regi\u00f3n de Capitale-Nationale o Chaudi\u00e8re-Appalaches, Qu\u00e9bec International le ofrece una conferencia web especialmente dise\u00f1ada para informarle y orientarle, equiparse y responder a sus preguntas relacionadas. a las repercusiones de la crisis sanitaria del COVID-19.<\/p>\n<p>Los abogados de inmigraci\u00f3n (BB Immigration) proporcionar\u00e1n una descripci\u00f3n general de las medidas implementadas por el gobierno.<\/p>\n<p>Un evento gratuito organizado por Qu\u00e9bec International.<\/p>\n","protected":false},"excerpt":{"rendered":"<p>Usted es un trabajador internacional: tanto si est\u00e1 a punto de llegar al territorio como si ya est\u00e1 asentado en la regi\u00f3n de Capitale-Nationale o Chaudi\u00e8re-Appalaches, Qu\u00e9bec International le ofrece&#8230; <a class=\"more-link\" href=\"https:\/\/www.infotetquebec.com\/es\/event\/trabajadores-extranjeros-temporales-los-impactos-del-covid-19-en-su-situacion-2021-11-11\/\">Leer m\u00e1s<\/a><\/p>\n","protected":false},"author":3,"featured_media":0,"template":"","meta":{"_genesis_hide_title":false,"_genesis_hide_breadcrumbs":false,"_genesis_hide_singular_image":false,"_genesis_hide_footer_widgets":false,"_genesis_custom_body_class":"","_genesis_custom_post_class":"","_genesis_layout":"","_tribe_events_status":"","_tribe_events_status_reason":"","footnotes":""},"tags":[],"tribe_events_cat":[],"class_list":["post-1843","tribe_events","type-tribe_events","status-publish","entry"],"yoast_head":"<!-- This site is optimized with the Yoast SEO plugin v27.5 - https:\/\/yoast.com\/product\/yoast-seo-wordpress\/ -->\n<title>Trabajadores extranjeros temporales: los impactos del COVID-19 en su situaci\u00f3n - Infotetquebec<\/title>\n<meta name=\"robots\" content=\"index, follow, max-snippet:-1, max-image-preview:large, max-video-preview:-1\" \/>\n<link rel=\"canonical\" href=\"https:\/\/www.infotetquebec.com\/es\/event\/trabajadores-extranjeros-temporales-los-impactos-del-covid-19-en-su-situacion-2021-11-11\/\" \/>\n<meta property=\"og:locale\" content=\"es_ES\" \/>\n<meta property=\"og:type\" content=\"article\" \/>\n<meta property=\"og:title\" content=\"Trabajadores extranjeros temporales: los impactos del COVID-19 en su situaci\u00f3n - Infotetquebec\" \/>\n<meta property=\"og:description\" content=\"Usted es un trabajador internacional: tanto si est\u00e1 a punto de llegar al territorio como si ya est\u00e1 asentado en la regi\u00f3n de Capitale-Nationale o Chaudi\u00e8re-Appalaches, Qu\u00e9bec International le ofrece... Leer m\u00e1s\" \/>\n<meta property=\"og:url\" content=\"https:\/\/www.infotetquebec.com\/es\/event\/trabajadores-extranjeros-temporales-los-impactos-del-covid-19-en-su-situacion-2021-11-11\/\" \/>\n<meta property=\"og:site_name\" content=\"Infotetquebec\" \/>\n<meta property=\"article:publisher\" content=\"https:\/\/www.facebook.com\/profile.php?id=100089616676260\" \/>\n<meta property=\"article:modified_time\" content=\"2021-10-15T14:41:35+00:00\" \/>\n<meta name=\"twitter:card\" content=\"summary_large_image\" \/>\n<meta name=\"twitter:label1\" content=\"Tiempo de lectura\" \/>\n\t<meta name=\"twitter:data1\" content=\"1 minuto\" \/>\n<script type=\"application\/ld+json\" class=\"yoast-schema-graph\">{\"@context\":\"https:\\\/\\\/schema.org\",\"@graph\":[{\"@type\":\"WebPage\",\"@id\":\"https:\\\/\\\/www.infotetquebec.com\\\/es\\\/event\\\/trabajadores-extranjeros-temporales-los-impactos-del-covid-19-en-su-situacion-2021-11-11\\\/\",\"url\":\"https:\\\/\\\/www.infotetquebec.com\\\/es\\\/event\\\/trabajadores-extranjeros-temporales-los-impactos-del-covid-19-en-su-situacion-2021-11-11\\\/\",\"name\":\"Trabajadores extranjeros temporales: los impactos del COVID-19 en su situaci\u00f3n - Infotetquebec\",\"isPartOf\":{\"@id\":\"https:\\\/\\\/www.infotetquebec.com\\\/es\\\/#website\"},\"datePublished\":\"2021-10-15T14:21:59+00:00\",\"dateModified\":\"2021-10-15T14:41:35+00:00\",\"breadcrumb\":{\"@id\":\"https:\\\/\\\/www.infotetquebec.com\\\/es\\\/event\\\/trabajadores-extranjeros-temporales-los-impactos-del-covid-19-en-su-situacion-2021-11-11\\\/#breadcrumb\"},\"inLanguage\":\"es\",\"potentialAction\":[{\"@type\":\"ReadAction\",\"target\":[\"https:\\\/\\\/www.infotetquebec.com\\\/es\\\/event\\\/trabajadores-extranjeros-temporales-los-impactos-del-covid-19-en-su-situacion-2021-11-11\\\/\"]}]},{\"@type\":\"BreadcrumbList\",\"@id\":\"https:\\\/\\\/www.infotetquebec.com\\\/es\\\/event\\\/trabajadores-extranjeros-temporales-los-impactos-del-covid-19-en-su-situacion-2021-11-11\\\/#breadcrumb\",\"itemListElement\":[{\"@type\":\"ListItem\",\"position\":1,\"name\":\"Accueil\",\"item\":\"https:\\\/\\\/www.infotetquebec.com\\\/es\\\/\"},{\"@type\":\"ListItem\",\"position\":2,\"name\":\"Eventos\",\"item\":\"https:\\\/\\\/www.infotetquebec.com\\\/es\\\/events\\\/\"},{\"@type\":\"ListItem\",\"position\":3,\"name\":\"Trabajadores extranjeros temporales: los impactos del COVID-19 en su situaci\u00f3n\",\"item\":\"https:\\\/\\\/www.infotetquebec.com\\\/es\\\/event\\\/travailleurs-etrangers-temporaires-les-impacts-de-la-covid-19-sur-votre-situation\\\/\"},{\"@type\":\"ListItem\",\"position\":4,\"name\":\"Trabajadores extranjeros temporales: los impactos del COVID-19 en su situaci\u00f3n\"}]},{\"@type\":\"WebSite\",\"@id\":\"https:\\\/\\\/www.infotetquebec.com\\\/es\\\/#website\",\"url\":\"https:\\\/\\\/www.infotetquebec.com\\\/es\\\/\",\"name\":\"Infotetquebec\",\"description\":\"Info et soutien aux TET\",\"publisher\":{\"@id\":\"https:\\\/\\\/www.infotetquebec.com\\\/es\\\/#organization\"},\"potentialAction\":[{\"@type\":\"SearchAction\",\"target\":{\"@type\":\"EntryPoint\",\"urlTemplate\":\"https:\\\/\\\/www.infotetquebec.com\\\/es\\\/?s={search_term_string}\"},\"query-input\":{\"@type\":\"PropertyValueSpecification\",\"valueRequired\":true,\"valueName\":\"search_term_string\"}}],\"inLanguage\":\"es\"},{\"@type\":\"Organization\",\"@id\":\"https:\\\/\\\/www.infotetquebec.com\\\/es\\\/#organization\",\"name\":\"InfoTETQuebec\",\"url\":\"https:\\\/\\\/www.infotetquebec.com\\\/es\\\/\",\"logo\":{\"@type\":\"ImageObject\",\"inLanguage\":\"es\",\"@id\":\"https:\\\/\\\/www.infotetquebec.com\\\/es\\\/#\\\/schema\\\/logo\\\/image\\\/\",\"url\":\"https:\\\/\\\/www.infotetquebec.com\\\/wp-content\\\/uploads\\\/2021\\\/02\\\/cropped-IMQC_TET_Favicon_Fav-Icon_Fav-Icon-1.png\",\"contentUrl\":\"https:\\\/\\\/www.infotetquebec.com\\\/wp-content\\\/uploads\\\/2021\\\/02\\\/cropped-IMQC_TET_Favicon_Fav-Icon_Fav-Icon-1.png\",\"width\":512,\"height\":512,\"caption\":\"InfoTETQuebec\"},\"image\":{\"@id\":\"https:\\\/\\\/www.infotetquebec.com\\\/es\\\/#\\\/schema\\\/logo\\\/image\\\/\"},\"sameAs\":[\"https:\\\/\\\/www.facebook.com\\\/profile.php?id=100089616676260\"]}]}<\/script>\n<!-- \/ Yoast SEO plugin. -->","yoast_head_json":{"title":"Trabajadores extranjeros temporales: los impactos del COVID-19 en su situaci\u00f3n - Infotetquebec","robots":{"index":"index","follow":"follow","max-snippet":"max-snippet:-1","max-image-preview":"max-image-preview:large","max-video-preview":"max-video-preview:-1"},"canonical":"https:\/\/www.infotetquebec.com\/es\/event\/trabajadores-extranjeros-temporales-los-impactos-del-covid-19-en-su-situacion-2021-11-11\/","og_locale":"es_ES","og_type":"article","og_title":"Trabajadores extranjeros temporales: los impactos del COVID-19 en su situaci\u00f3n - Infotetquebec","og_description":"Usted es un trabajador internacional: tanto si est\u00e1 a punto de llegar al territorio como si ya est\u00e1 asentado en la regi\u00f3n de Capitale-Nationale o Chaudi\u00e8re-Appalaches, Qu\u00e9bec International le ofrece... Leer m\u00e1s","og_url":"https:\/\/www.infotetquebec.com\/es\/event\/trabajadores-extranjeros-temporales-los-impactos-del-covid-19-en-su-situacion-2021-11-11\/","og_site_name":"Infotetquebec","article_publisher":"https:\/\/www.facebook.com\/profile.php?id=100089616676260","article_modified_time":"2021-10-15T14:41:35+00:00","twitter_card":"summary_large_image","twitter_misc":{"Tiempo de lectura":"1 minuto"},"schema":{"@context":"https:\/\/schema.org","@graph":[{"@type":"WebPage","@id":"https:\/\/www.infotetquebec.com\/es\/event\/trabajadores-extranjeros-temporales-los-impactos-del-covid-19-en-su-situacion-2021-11-11\/","url":"https:\/\/www.infotetquebec.com\/es\/event\/trabajadores-extranjeros-temporales-los-impactos-del-covid-19-en-su-situacion-2021-11-11\/","name":"Trabajadores extranjeros temporales: los impactos del COVID-19 en su situaci\u00f3n - Infotetquebec","isPartOf":{"@id":"https:\/\/www.infotetquebec.com\/es\/#website"},"datePublished":"2021-10-15T14:21:59+00:00","dateModified":"2021-10-15T14:41:35+00:00","breadcrumb":{"@id":"https:\/\/www.infotetquebec.com\/es\/event\/trabajadores-extranjeros-temporales-los-impactos-del-covid-19-en-su-situacion-2021-11-11\/#breadcrumb"},"inLanguage":"es","potentialAction":[{"@type":"ReadAction","target":["https:\/\/www.infotetquebec.com\/es\/event\/trabajadores-extranjeros-temporales-los-impactos-del-covid-19-en-su-situacion-2021-11-11\/"]}]},{"@type":"BreadcrumbList","@id":"https:\/\/www.infotetquebec.com\/es\/event\/trabajadores-extranjeros-temporales-los-impactos-del-covid-19-en-su-situacion-2021-11-11\/#breadcrumb","itemListElement":[{"@type":"ListItem","position":1,"name":"Accueil","item":"https:\/\/www.infotetquebec.com\/es\/"},{"@type":"ListItem","position":2,"name":"Eventos","item":"https:\/\/www.infotetquebec.com\/es\/events\/"},{"@type":"ListItem","position":3,"name":"Trabajadores extranjeros temporales: los impactos del COVID-19 en su situaci\u00f3n","item":"https:\/\/www.infotetquebec.com\/es\/event\/travailleurs-etrangers-temporaires-les-impacts-de-la-covid-19-sur-votre-situation\/"},{"@type":"ListItem","position":4,"name":"Trabajadores extranjeros temporales: los impactos del COVID-19 en su situaci\u00f3n"}]},{"@type":"WebSite","@id":"https:\/\/www.infotetquebec.com\/es\/#website","url":"https:\/\/www.infotetquebec.com\/es\/","name":"Infotetquebec","description":"Info et soutien aux TET","publisher":{"@id":"https:\/\/www.infotetquebec.com\/es\/#organization"},"potentialAction":[{"@type":"SearchAction","target":{"@type":"EntryPoint","urlTemplate":"https:\/\/www.infotetquebec.com\/es\/?s={search_term_string}"},"query-input":{"@type":"PropertyValueSpecification","valueRequired":true,"valueName":"search_term_string"}}],"inLanguage":"es"},{"@type":"Organization","@id":"https:\/\/www.infotetquebec.com\/es\/#organization","name":"InfoTETQuebec","url":"https:\/\/www.infotetquebec.com\/es\/","logo":{"@type":"ImageObject","inLanguage":"es","@id":"https:\/\/www.infotetquebec.com\/es\/#\/schema\/logo\/image\/","url":"https:\/\/www.infotetquebec.com\/wp-content\/uploads\/2021\/02\/cropped-IMQC_TET_Favicon_Fav-Icon_Fav-Icon-1.png","contentUrl":"https:\/\/www.infotetquebec.com\/wp-content\/uploads\/2021\/02\/cropped-IMQC_TET_Favicon_Fav-Icon_Fav-Icon-1.png","width":512,"height":512,"caption":"InfoTETQuebec"},"image":{"@id":"https:\/\/www.infotetquebec.com\/es\/#\/schema\/logo\/image\/"},"sameAs":["https:\/\/www.facebook.com\/profile.php?id=100089616676260"]}]}},"_links":{"self":[{"href":"https:\/\/www.infotetquebec.com\/es\/wp-json\/wp\/v2\/tribe_events\/1843","targetHints":{"allow":["GET"]}}],"collection":[{"href":"https:\/\/www.infotetquebec.com\/es\/wp-json\/wp\/v2\/tribe_events"}],"about":[{"href":"https:\/\/www.infotetquebec.com\/es\/wp-json\/wp\/v2\/types\/tribe_events"}],"author":[{"embeddable":true,"href":"https:\/\/www.infotetquebec.com\/es\/wp-json\/wp\/v2\/users\/3"}],"version-history":[{"count":0,"href":"https:\/\/www.infotetquebec.com\/es\/wp-json\/wp\/v2\/tribe_events\/1843\/revisions"}],"wp:attachment":[{"href":"https:\/\/www.infotetquebec.com\/es\/wp-json\/wp\/v2\/media?parent=1843"}],"wp:term":[{"taxonomy":"post_tag","embeddable":true,"href":"https:\/\/www.infotetquebec.com\/es\/wp-json\/wp\/v2\/tags?post=1843"},{"taxonomy":"tribe_events_cat","embeddable":true,"href":"https:\/\/www.infotetquebec.com\/es\/wp-json\/wp\/v2\/tribe_events_cat?post=1843"}],"curies":[{"name":"wp","href":"https:\/\/api.w.org\/{rel}","templated":true}]}}

Trabajadores extranjeros temporales: los impactos del COVID-19 en su situación

<p>Usted es un trabajador internacional: tanto si está a punto de llegar al territorio como si ya está asentado en la región de Capitale-Nationale o Chaudière-Appalaches, Québec International le ofrece una conferencia web especialmente diseñada para informarle y orientarle, equiparse y responder a sus preguntas relacionadas. a las repercusiones de la crisis sanitaria del COVID-19.</p>
<p>Los abogados de inmigración (BB Immigration) proporcionarán una descripción general de las medidas implementadas por el gobierno.</p>
<p>Un evento gratuito organizado por Québec International.</p>

<p>Usted es un trabajador internacional: tanto si está a punto de llegar al territorio como si ya está asentado en la región de Capitale-Nationale o Chaudière-Appalaches, Québec International le ofrece&#8230; <a class="more-link" href="https://www.infotetquebec.com/es/event/trabajadores-extranjeros-temporales-los-impactos-del-covid-19-en-su-situacion-2021-11-11/">Leer más</a></p>

<!-- This site is optimized with the Yoast SEO plugin v27.5 - https://yoast.com/product/yoast-seo-wordpress/ -->
<title>Trabajadores extranjeros temporales: los impactos del COVID-19 en su situación - Infotetquebec</title>
<meta name="robots" content="index, follow, max-snippet:-1, max-image-preview:large, max-video-preview:-1" />
<link rel="canonical" href="https://www.infotetquebec.com/es/event/trabajadores-extranjeros-temporales-los-impactos-del-covid-19-en-su-situacion-2021-11-11/" />
<meta property="og:locale" content="es_ES" />
<meta property="og:type" content="article" />
<meta property="og:title" content="Trabajadores extranjeros temporales: los impactos del COVID-19 en su situación - Infotetquebec" />
<meta property="og:description" content="Usted es un trabajador internacional: tanto si está a punto de llegar al territorio como si ya está asentado en la región de Capitale-Nationale o Chaudière-Appalaches, Québec International le ofrece... Leer más" />
<meta property="og:url" content="https://www.infotetquebec.com/es/event/trabajadores-extranjeros-temporales-los-impactos-del-covid-19-en-su-situacion-2021-11-11/" />
<meta property="og:site_name" content="Infotetquebec" />
<meta property="article:publisher" content="https://www.facebook.com/profile.php?id=100089616676260" />
<meta property="article:modified_time" content="2021-10-15T14:41:35+00:00" />
<meta name="twitter:card" content="summary_large_image" />
<meta name="twitter:label1" content="Tiempo de lectura" />
	<meta name="twitter:data1" content="1 minuto" />
<script type="application/ld+json" class="yoast-schema-graph">{"@context":"https:\/\/schema.org","@graph":[{"@type":"WebPage","@id":"https:\/\/www.infotetquebec.com\/es\/event\/trabajadores-extranjeros-temporales-los-impactos-del-covid-19-en-su-situacion-2021-11-11\/","url":"https:\/\/www.infotetquebec.com\/es\/event\/trabajadores-extranjeros-temporales-los-impactos-del-covid-19-en-su-situacion-2021-11-11\/","name":"Trabajadores extranjeros temporales: los impactos del COVID-19 en su situación - Infotetquebec","isPartOf":{"@id":"https:\/\/www.infotetquebec.com\/es\/#website"},"datePublished":"2021-10-15T14:21:59+00:00","dateModified":"2021-10-15T14:41:35+00:00","breadcrumb":{"@id":"https:\/\/www.infotetquebec.com\/es\/event\/trabajadores-extranjeros-temporales-los-impactos-del-covid-19-en-su-situacion-2021-11-11\/#breadcrumb"},"inLanguage":"es","potentialAction":[{"@type":"ReadAction","target":["https:\/\/www.infotetquebec.com\/es\/event\/trabajadores-extranjeros-temporales-los-impactos-del-covid-19-en-su-situacion-2021-11-11\/"]}]},{"@type":"BreadcrumbList","@id":"https:\/\/www.infotetquebec.com\/es\/event\/trabajadores-extranjeros-temporales-los-impactos-del-covid-19-en-su-situacion-2021-11-11\/#breadcrumb","itemListElement":[{"@type":"ListItem","position":1,"name":"Accueil","item":"https:\/\/www.infotetquebec.com\/es\/"},{"@type":"ListItem","position":2,"name":"Eventos","item":"https:\/\/www.infotetquebec.com\/es\/events\/"},{"@type":"ListItem","position":3,"name":"Trabajadores extranjeros temporales: los impactos del COVID-19 en su situación","item":"https:\/\/www.infotetquebec.com\/es\/event\/travailleurs-etrangers-temporaires-les-impacts-de-la-covid-19-sur-votre-situation\/"},{"@type":"ListItem","position":4,"name":"Trabajadores extranjeros temporales: los impactos del COVID-19 en su situación"}]},{"@type":"WebSite","@id":"https:\/\/www.infotetquebec.com\/es\/#website","url":"https:\/\/www.infotetquebec.com\/es\/","name":"Infotetquebec","description":"Info et soutien aux TET","publisher":{"@id":"https:\/\/www.infotetquebec.com\/es\/#organization"},"potentialAction":[{"@type":"SearchAction","target":{"@type":"EntryPoint","urlTemplate":"https:\/\/www.infotetquebec.com\/es\/?s={search_term_string}"},"query-input":{"@type":"PropertyValueSpecification","valueRequired":true,"valueName":"search_term_string"}}],"inLanguage":"es"},{"@type":"Organization","@id":"https:\/\/www.infotetquebec.com\/es\/#organization","name":"InfoTETQuebec","url":"https:\/\/www.infotetquebec.com\/es\/","logo":{"@type":"ImageObject","inLanguage":"es","@id":"https:\/\/www.infotetquebec.com\/es\/#\/schema\/logo\/image\/","url":"https:\/\/www.infotetquebec.com\/wp-content\/uploads\/2021\/02\/cropped-IMQC_TET_Favicon_Fav-Icon_Fav-Icon-1.png","contentUrl":"https:\/\/www.infotetquebec.com\/wp-content\/uploads\/2021\/02\/cropped-IMQC_TET_Favicon_Fav-Icon_Fav-Icon-1.png","width":512,"height":512,"caption":"InfoTETQuebec"},"image":{"@id":"https:\/\/www.infotetquebec.com\/es\/#\/schema\/logo\/image\/"},"sameAs":["https:\/\/www.facebook.com\/profile.php?id=100089616676260"]}]}</script>
<!-- / Yoast SEO plugin. -->

Trabajadores extranjeros temporales: los impactos del COVID-19 en su situación - Infotetquebec

Usted es un trabajador internacional: tanto si está a punto de llegar al territorio como si ya está asentado en la región de Capitale-Nationale o Chaudière-Appalaches, Québec International le ofrece... Leer más
